. What is u(13)?
3
Let i(d) = -4*d**2 + 1981*d - 9807. Determine i(5).
-2
Let w(n) = 55*n**3 + 9*n**2 + 19*n + 12. Give w(-2).
-430
Let m(g) = 8*g + 204. Determine m(-24).
12
Let g(t) = -7*t**3 + 1705*t**2 + 730*t + 483. Determine g(244).
-5
Let s(l) = 2*l - 80. Give s(52).
24
Let o(a) = a**3 - 64*a**2 - 199*a + 17. Determine o(67).
151
Let b(r) = -r**3 + 67*r**2 - 126*r - 283. What is b(65)?
-23
Let g(j) = 2*j**3 - j**2 - 8*j - 14. Calculate g(-4).
-126
Let h(r) = -6*r - 53. Give h(-10).
7
Let j(v) = 55*v + 1600. Determine j(-29).
5
Let v(c) = -145*c - 734. Give v(-5).
-9
Let i(t) = 3*t**3 + 2*t**2 + 72*t + 70. Calculate i(-1).
-3
Let a(g) = -g**3 - 2*g**2 + g - 73. Determine a(0).
-73
Let l(q) = q**3 - 5*q**2 - 2*q + 19. Determine l(7).
103
Let g(c) = -11*c + 240. What is g(12)?
108
Let l(v) = -v**3 - 35*v**2 + 295*v + 19. What is l(-42)?
-23
Let u(x) = x**3 - 3*x**2 - 58*x - 11. What is u(0)?
-11
Let b(o) = 15*o - 55. Calculate b(-1).
-70
Let c(v) = v**3 - 21*v**2 + 273*v - 4474. Give c(19).
-9
Let p(o) = -o**2 - 71*o - 399. Give p(-65).
-9
Let d(w) = -315*w + 97645. Calculate d(310).
-5
Let d(h) = 3*h**2 - 130*h + 1187. What is d(16)?
-125
Let i(v) = 44*v - 218. What is i(5)?
2
Let h(l) = -2*l**2 - 55*l - 350. Give h(-18).
-8
Let g(u) = 19895*u + 119376. Calculate g(-6).
6
Let d(o) = -254*o - 692. Give d(-5).
578
Let q(b) = b**3 + 4*b**2 - 551*b - 2202. What is q(-4)?
2
Let i(s) = -5*s**2 + 13*s + 70. Determine i(6).
-32
Let k(x) = -2*x**3 - 42*x**2 + 102*x - 61. Calculate k(-23).
-291
Let x(i) = -i**2 + 8128*i - 9. Calculate x(0).
-9
Let o(u) = 7*u**3 - 38*u**2 + 9*u + 31. Calculate o(5).
1
Let t(r) = r**3 + 12*r**2 + 50*r + 69. What is t(-5)?
-6
Let j(q) = 5*q**2 - 69*q - 85. What is j(15)?
5
Let u(c) = -c**3 + 6*c**2 + c + 18. Determine u(6).
24
Let u(c) = -3*c - 61. Calculate u(16).
-109
Let f(g) = g**3 + 12*g**2 + 10*g + 430. Calculate f(-14).
-102
Let t(n) = -n**3 + 17*n**2 - 7*n + 129. What is t(17)?
10
Let n(p) = -8*p**3 + 3*p**2 + 2*p - 3. Determine n(-3).
234
Let z(h) = -17*h - 409. What is z(-30)?
101
Let w(z) = -z**3 - 123*z**2 - 236*z + 739. Calculate w(-121).
13
Let l(b) = -39*b**2 - b - 5. What is l(-2)?
-159
Let u(w) = -w**3 + 10*w**2 + 7*w + 44. Determine u(11).
0
Let r(v) = -197*v - 10130. What is r(-51)?
-83
Let x(n) = 2*n**3 + 145*n**2 - 125*n - 3825. Give x(-73).
-29
Let d(w) = -w**3 - 7*w**2 - 7*w + 12. Calculate d(-6).
18
Let j(p) = 7*p**2 - 7*p - 3. Give j(-3).
81
Let o(x) = -141*x**2 + 3*x + 4. Give o(-1).
-140
Let r(t) = t**3 - 15*t**2 - 71*t + 297. Determine r(18).
-9
Let t(l) = -l**3 - 9*l**2 + 30*l - 95. Give t(-12).
-23
Let b(f) = -38*f - 442. Give b(-12).
14
Let k(t) = -2*t**3 + 34*t**2 - t - 19. Calculate k(17).
-36
Let n(h) = -5*h**2 - 10*h - 22. Calculate n(-2).
-22
Let s(h) = h**3 + 28*h**2 + 127*h + 47. Determine s(-5).
-13
Let g(l) = 28*l**2 + 350*l + 136. Give g(-12).
-32
Let k(f) = -f**3 + 14*f**2 - 40*f + 12. Calculate k(10).
12
Let l(z) = 1176*z + 8207. Determine l(-7).
-25
Let l(a) = 69*a - 2050. Determine l(28).
-118
Let t(s) = -s**3 + 2*s**2 + 440*s - 34. Determine t(22).
-34
Let g(r) = -50*r + 38. Determine g(0).
38
Let v(i) = 521*i + 5641. Give v(-11).
-90
Let h(n) = -n**2 + 35*n + 4946. Calculate h(90).
-4
Let z(k) = -k**3 - 7*k**2 + 42. Give z(-4).
-6
Let v(t) = -13054*t + 143599. Determine v(11).
5
Let a(b) = 220*b - 42. Determine a(2).
398
Let d(g) = -2*g + 132. Give d(41).
50
Let q(m) = -49*m - 84. Determine q(-5).
161
Let i(g) = -g**2 - 41*g - 12. What is i(-41)?
-12
Let p(w) = -287*w + 4154. Calculate p(15).
-151
Let m(b) = -41*b - 1472. What is m(-48)?
496
Let f(g) = 2*g**3 + 86*g**2 - 89*g - 104. Determine f(-44).
-60
Let b(k) = k**3 - 16*k**2 + 5*k + 38. What is b(16)?
118
Let o(k) = -3*k**2 + 185*k + 52. What is o(62)?
-10
Let i(a) = -6*a**3 + 11*a**2 - 4*a - 11. Give i(4).
-235
Let f(z) = z**2 - 662*z + 97679. Give f(440).
-1
Let y(j) = 5*j + 231. Calculate y(3).
246
Let c(i) = -i**3 + 32*i**2 + 2*i + 1099. Give c(33).
76
Let i(x) = -x**2 - 133*x - 613. Calculate i(-5).
27
Let n(b) = b**3 + 24*b**2 + 127*b - 38. Calculate n(-16).
-22
Let k(m) = 2*m**3 + 24*m**2 - 39*m + 27. Give k(-14).
-211
Let g(a) = 8*a**2 - 141*a + 134. Calculate g(20).
514
Let u(z) = -z**3 - 19*z**2 + 2*z + 25. Give u(-19).
-13
Let s(m) = -88*m - 785. What is s(-9)?
7
Let c(h) = h**2 - 56*h + 257. What is c(52)?
49
Let z(u) = 5*u**2 + 211*u + 48. What is z(-42)?
6
Let b(s) = -150*s + 884. Give b(6).
-16
Let d(x) = -147*x**2 + 7*x + 5. Determine d(-1).
-149
Let q(d) = -3*d**2 + 596*d + 1192. What is q(-2)?
-12
Let v(o) = -18*o - 326. Give v(-20).
34
Let l(q) = -4000*q - 47991. Give l(-12).
9
Let m(q) = 159*q - 2066. Give m(13).
1
Let p(q) = 2*q**2 - 31*q + 125. Give p(18).
215
Let g(i) = 5*i**3 - 41*i**2 + 41*i - 3. Give g(1).
2
Let o(g) = -5*g**3 + 5*g**2 - 22*g + 63. Calculate o(4).
-265
Let c(h) = 22*h**2 - 3*h + 83. What is c(4)?
423
Let a(g) = -g**2 + 90*g + 940. Give a(-11).
-171
Let v(w) = -3*w**3 + 3*w**2 + 4*w - 11. Give v(3).
-53
Let l(c) = -99*c + 1453. Give l(18).
-329
Let z(j) = 2344*j + 14081. Determine z(-6).
17
Let y(i) = -29*i**2 - 380*i - 29. Calculate y(-13).
10
Let k(m) = 6*m + 35. Give k(-15).
-55
Let m(z) = -z**3 - 17*z**2 - 39*z + 79. Calculate m(-14).
37
Let b(g) = g**3 - 34*g**2 + 41*g + 1622. Calculate b(31).
10
Let n(g) = -159*g + 98. Determine n(1).
-61
Let a(f) = f**3 + 45*f**2 + 150*f - 56. Calculate a(-4).
0
Let u(w) = -13*w - 55. What is u(-6)?
23
Let k(h) = -27*h - 102. Calculate k(-4).
6
Let g(l) = 201*l - 24379. Give g(121).
-58
Let z(c) = -10*c + 65. Calculate z(-11).
175
Let n(x) = -x**3 + 3*x**2 + 2*x + 30. Calculate n(5).
-10
Let n(j) = j**3 - 41*j**2 + 33*j + 277. What is n(40)?
-3
Let a(p) = -4*p**3 + 200*p**2 + 207*p - 144. What is a(51)?
9
Let y(r) = -362*r + 673. Give y(2).
-51
Let s(p) = -25*p**2 + 11*p - 24. What is s(3)?
-216
Let o(t) = -t**3 - 11*t**2 - 41*t + 13. Calculate o(-8).
149
Let v(b) = -174*b - 26271. Calculate v(-151).
3
Let r(j) = -515*j - 4636. Calculate r(-9).
-1
Let d(a) = -9*a**2 + 424*a - 116. Determine d(47).
-69
Let t(u) = -u**2 - 5*u + 1314. What is t(36)?
-162
Let p(c) = 13*c**2 + 739*c + 610. Calculate p(-56).
-6
Let f(w) = 3*w**2 - 247*w + 802. Calculate f(79).
12
Let y(r) = -21*r + 30. Give y(6).
-96
Let y(o) = -o**2 - 82*o - 768. Determine y(-11).
13
Let f(x) = -81*x - 202. Calculate f(1).
-283
Let o(s) = -2*s**2 + 43*s - 147. Calculate o(15).
48
Let y(z) = 5*z**2 - 187*z - 88. Determine y(37).
-162
Let x(s) = -9717*s - 340092. Determine x(-35).
3
Let w(f) = -9*f - 175. What is w(-21)?
14
Let v(x) = -427*x - 3119. What is v(-7)?
-130
Let v(q) = q**3 + 5*q**2 - 147*q + 45. Give v(-15).
0
Let v(m) = -m**3 - 16*m**2 + 54*m - 57. Calculate v(-19).
0
Let c(b) = -7*b**3 - 100*b**2 - 40*b - 162. Give c(-14).
6
Let i(p) = 4*p**3 + p**2 + 5*p - 25. What is i(4)?
267
Let b(o) = -o**3 - 12*o**2 - 2*o + 77. Give b(-11).
-22
Let u(r) = -r**2 + 22*r + 3. What is u(22)?
3
Let i(q) = -7*q**3 + q**2 - 112*q + 113. What is i(1)?
-5
Let d(f) = -146*f + 1944. Give d(13).
46
Let c(f) = -f**3 + 13*f**2 + 19*f - 27. Give c(14).
43
Let s(d) = 5*d**2 + 29*d + 65. Determine s(-3).
23
Let q(p) = 3*p**3 + 11*p**2 - 41*p - 155. What is q(-4)?
-7
Let s(m) = -m**3 - 27*m**2 - 80*m - 89. Determine s(-23).
-365
Let t(s) = 10*s**2 + 47*s - 37. Determine t(-7).
124
Let k(x) = 2*x**3 - 229*x**2 - 118*x + 336. Determine k(115).
-9
Let h(q) = -3*q - 53. Give h(-8).
-29
Let p(w) = -14*w**2 - 55*w + 106. Give p(2).
-60
Let d(a) = 3*a**2 - 117*a - 2031. Determine d(52).
-3
Let p(m) = 45*m + 896. What is p(-16)?
176
Let v(g) = g**3 - 10*g**2 - 2*g + 126. Calculate v(6).
-30
Let v(g) = g**3 + 14*g**2 + 28*g + 1342. What is v(-17)?
-1
Let q(k) = 882*k + 54683. Calculate q(-62).
-1
Let q(r) = r**2 - 686*r - 42. Calculate q(0).
-42
Let t(s) = -1996*s + 23954. Determine t(12).
2
Let t(d) = 2*d**2 - 64*d + 87. What is t(27)?
-183
Let f(a) = 9*a**3 - 2*a**2 - 13*a + 61. Determine f(4).
553
Let l(x) = -3*x**3 + 101*x**2 - 59*x - 195. Determine l(33).
36
Let y(o) = -o**3 - 29*o**2 - 63*o - 186. What is y(-27)?
57
Let y(w) = -w**3 + 117*w**2 - 2917*w + 78. Determine y(81).
-3
Let i(d) = -6*d**2 - 16*d - 31. Give i(-9).
-373
Let b(i) = i**2 + 38*i + 31. Give b(-37).
-6
Let m(b) = -4*b**2